22. What is the highest common factor of f and 66?
6
Let d = 517 + -335. Calculate the greatest common factor of 28 and d.
14
Let s(p) = p**3 + 8*p**2 - 23. Let u be s(-7). What is the highest common divisor of u and 208?
26
Suppose 0 = -4*z, -44 = -h - 4*z - 0*z. Let i be 10*(2 + h/5). Let g = i + -48. Calculate the greatest common factor of 20 and g.
20
Let n(z) = 70*z - 208. Let x be n(3). What is the highest common divisor of x and 134?
2
Suppose -47 = 6*t + 31. Let b(h) = -2*h + 13. Let y be b(t). Suppose 35*l + 252 = y*l. What is the greatest common factor of l and 21?
21
Suppose 4*a + 5*l = 99, 0 = 2*l + 2 - 8. Let h be (-6)/a + 258/21. What is the greatest common factor of h and 8?
4
Let k(h) = -19*h**2 - 6*h + 4. Let o be k(2). Let r be 21/o - (-1 + (-293)/4). Calculate the greatest common divisor of r and 37.
37
Let a be 10/5 + 10 + -1. Suppose 5*p - a = 24. Calculate the greatest common factor of p and 14.
7
Suppose 2576 = 4*o - 4*b, -1440 = 5*o + 5*b - 4700. Calculate the highest common factor of o and 72.
72
Let t(s) = s**3 + 33*s**2 + 92*s + 70. Let z be t(-30). Suppose -5*u = 5*o - u - 346, -67 = -o - 3*u. Calculate the highest common factor of o and z.
10
Let i(r) = 2*r**2 - 6*r. Let l = -21 + 25. Let j be i(l). What is the highest common divisor of 8 and j?
8
Let v be (-8)/(-4)*(17 - -5). Calculate the highest common divisor of v and 12.
4
Let p = -9 - -13. Let c(r) = 3*r**3 - 7*r**2 + 5*r - 1. Let j be c(p). Let a = 10 - 1. What is the highest common factor of a and j?
9
Suppose -3*o + 63 = 3*b, 2*b = -o - 0 + 21. Let p = -4 + 8. Let i be p/((-18)/o - -1). Calculate the greatest common divisor of 70 and i.
14
Let w be -7*((-29)/(-58) - (-7)/(-2)). Calculate the highest common divisor of w and 525.
21
Let k = -693 + 873. Calculate the greatest common divisor of 20 and k.
20
Let i(r) = -r**3 + 43*r**2 + 188*r + 32. Let f be i(47). Let s = 168 + -120. Calculate the highest common divisor of f and s.
16
Suppose 2*w = -14 + 28. Let n = w - 4. Let v be n/4 + (-1615)/(-76). What is the greatest common factor of 66 and v?
22
Let a(n) = n**3 - 25*n**2 - 49*n - 39. Let k be a(27). Calculate the greatest common divisor of k and 1536.
96
Let v(c) = 2*c + 2. Let f be v(0). Let z be 32 - -11 - (f + 1). Let s be 592/z + 2/10. What is the greatest common divisor of s and 135?
15
Let b be 1/(-7)*-7 - -242. Calculate the greatest common factor of b and 54.
27
Let b = 504 + -255. What is the greatest common divisor of b and 332?
83
Suppose -11*s = 114 - 642. Calculate the greatest common factor of 528 and s.
48
Suppose 2*t = 3*l + 78, 3*l - 12 = -3*t + 90. Suppose 7 - 3 = 2*m. Suppose 21 + 27 = m*j. Calculate the highest common factor of j and t.
12
Suppose -2*w - b - 6 = -41, -4*w + 2*b = -58. Calculate the highest common divisor of w and 32.
16
Suppose -2*x + 322 = 2*v, -x - 3*v - v = -158. Calculate the greatest common divisor of 12 and x.
6
Suppose p - 7 = -n, -32*n + 37*n + 3*p - 31 = 0. Suppose -1 + 6 = 5*d. Calculate the highest common factor of d and n.
1
Suppose -96 = 5*a - 3*m, 2*a + 5*m = -55 - 2. Let w be 416/(-14) + 6/a. Let v = w - -54. What is the highest common divisor of v and 8?
8
Suppose -a - 4*a - 4*p + 75 = 0, 5*p = 2*a - 30. Let z(d) = 13*d + 14 + 20 - 10 + 3*d**2 + 3. Let c be z(-3). What is the highest common divisor of a and c?
15
Let h(a) = -a + 183. Let p be h(15). Calculate the greatest common factor of p and 357.
21
Let a be ((-2)/(-7))/(11/77). Suppose v + 3*k = -0*k + 8, a*v - 32 = -2*k. What is the greatest common factor of 20 and v?
20
Let j be -120*((-2)/13 - 403/676). Calculate the highest common factor of 1140 and j.
30
Suppose -38*m + 36*m + 180 = 0. Calculate the highest common divisor of m and 120.
30
Let d(m) = 327*m**3 - 1. Let o = -4 - -5. Let c be d(o). Suppose 4*k + 0*k - c = -5*p, -p + 68 = -2*k. Calculate the highest common factor of 11 and p.
11
Let p = -56 + 64. Let g = 57 + -41. Calculate the greatest common factor of g and p.
8
Suppose 25*f - 6*f = 171. Calculate the greatest common divisor of f and 153.
9
Suppose 0 = -5*o + 4*o + 3*y + 111, 5*y - 478 = -4*o. Let k(b) = b**3 - 6*b**2 + 12*b + 1. Let j be k(2). What is the greatest common divisor of j and o?
9
Suppose 3*r + 0*t + 2*t = 1, 3*t = -r - 9. Suppose v = -0*v + r. Calculate the highest common divisor of 3 and v.
3
Let t = 28 - -249. Suppose -16*v = -17*v + t. Let m = 487 - v. What is the greatest common divisor of m and 35?
35
Suppose -1278 = -2*a + 128. Calculate the greatest common divisor of a and 74.
37
Let y(b) = 2*b**2 - 10*b - 10. Let o be (7/(-2))/(6/(-12)). Let m be y(o). Calculate the highest common divisor of m and 27.
9
Suppose 4*f = -l + 60, -4*f - 99 = -2*l - 5*f. What is the greatest common divisor of 384 and l?
48
Let r = 1773 + -1659. Calculate the greatest common divisor of 171 and r.
57
Let k be (2 + -25 + 1)/(-2). Suppose 8*m = -162 + 1130. What is the greatest common divisor of m and k?
11
Suppose -2*j - 7*a + 5 = -4*a, 2*j - 5*a = 13. Calculate the highest common divisor of 22 and j.
2
Let l(c) = -2*c + 53. Let a be l(6). Calculate the highest common factor of 205 and a.
41
Suppose 5*v = 5*j - 7*j + 7, -4*v - 25 = 5*j. Let f be (9/(-4))/(j/48). What is the highest common factor of 108 and f?
12
Let m(d) = 3*d**2 - 2*d - 11. Let y be m(3). What is the highest common factor of 290 and y?
10
Let t(z) be the third derivative of 1/20*z**5 - 5/8*z**4 + 0 - 4/3*z**3 + 0*z + 11*z**2. Let w be t(7). What is the greatest common factor of 85 and w?
17
Let l be 5177/403 + 4/26. Calculate the highest common divisor of l and 1495.
13
Let g be 2/3 - 34/(-3). Let v = 140 - 351. Let t = v + 295. What is the highest common factor of g and t?
12
Let f(v) = 23*v + 1. Let h be 2 - (2 + (2 - 1)) - -2. Let b be f(h). Calculate the highest common factor of 12 and b.
12
Let v(y) = 3*y**2 - 4*y - 3. Let c be v(-2). Let p(l) = 10*l + 7. Let d be p(1). What is the greatest common factor of c and d?
17
Suppose -41*h = -23*h - 5760. Calculate the greatest common factor of 240 and h.
80
Suppose 28 - 10 = v. Let o be 4/(-2 - (1 + -7)). Let h(b) = 3*b**2 - b + 1. Let d be h(o). What is the greatest common factor of d and v?
3
Let d = -1568 + 2273. What is the greatest common divisor of d and 30?
15
Let g = 38 + -34. Suppose 4*z - 65 = -3*x, g*z + 2*x = -2*x + 64. What is the highest common factor of 85 and z?
17
Let r be (-2)/(-4) - (-30)/4. Suppose 401 = 8*g + 73. Suppose -15 = -7*w + g. What is the greatest common factor of r and w?
8
Let z = 263 + -183. Let j = z + -68. Calculate the highest common divisor of j and 60.
12
Let u(i) = i**2 - i. Let r(p) = -p**3 + 17*p**2 - 15*p - 1. Let c(t) = r(t) - 5*u(t). Let k be c(10). Calculate the highest common factor of k and 11.
11
Let i = 12 + -12. Suppose i = 5*d + 25 - 5, 4*m + d = 132. Calculate the highest common factor of 17 and m.
17
Let n(l) = l**2 - 16*l + 28. Let g be n(16). Let q(m) = m**3 + 8. Let k be q(6). Calculate the highest common factor of g and k.
28
Suppose -5*z = -5*m - 255, -5*z + 2*m + 208 = -47. Calculate the greatest common factor of z and 221.
17
Let s = -28 - -49. Let t(r) be the first derivative of r**3/3 + 9*r**2/2 + 7*r + 3. Let k be t(-9). Calculate the highest common divisor of s and k.
7
Let s be 16/(-104) + 11/(-13) - -81. Calculate the greatest common divisor of s and 32.
16
Let g = -31 - -21. Let z(p) = -p**3 - 10*p**2 - 1. Let a be z(g). Let l(o) = -11*o**3 + o. Let y be l(a). What is the highest common divisor of y and 1?
1
Let a(m) = 2*m**2 + 6*m + 21. Let c be a(-6). Calculate the highest common factor of 133 and c.
19
Suppose 6*o = 124 + 140. Calculate the highest common factor of 154 and o.
22
Let d(r) = r**3 + 7*r**2 - 10*r - 12. Let p be d(-8). Suppose p*a - 14 - 62 = 4*s, -s - 87 = -5*a. What is the greatest common factor of 85 and a?
17
Let q be (-5 + 4)*(52 + -2). Let r be ((-24)/(-15))/((-10)/q). Calculate the highest common factor of r and 8.
8
Let c be 4/10 + 9828/630. What is the greatest common factor of c and 104?
8
Let r be -3 + (67 - -3)*2. Let l = 197 - r. What is the highest common divisor of l and 15?
15
Let v = 1135 - 995. What is the greatest common factor of 84 and v?
28
Suppose 3*o = -5*n + 3054, 108*n = 112*n - o - 2450. What is the gr